
2, 13, 2978681
What are the prime factors of 97989707?
19, 541, 9533
What are the prime factors of 1711886475?
3, 5, 13, 59, 29759
What are the prime factors of 647507177?
151, 4288127
What are the prime factors of 77820424?
2, 11, 17, 4729
What are the prime factors of 5498181?
3, 13, 46993
List the prime factors of 48180752.
2, 127, 131, 181
What are the prime factors of 272554998?
2, 3, 271, 167623
What are the prime factors of 740848734?
2, 3, 53, 379, 683
What are the prime factors of 34617569?
7, 706481
List the prime factors of 8681735.
5, 1736347
List the prime factors of 196067643.
3, 65355881
List the prime factors of 184147737.
3, 1607, 38197
List the prime factors of 64478007.
3, 11, 651293
List the prime factors of 219070231.
3413, 64187
List the prime factors of 1946823920.
2, 5, 1013, 24023
What are the prime factors of 1273747584?
2, 3, 131, 25321
What are the prime factors of 118644677?
97, 149, 8209
What are the prime factors of 749963484?
2, 3, 23, 89, 10177
List the prime factors of 346467290.
2, 5, 13, 2665133
What are the prime factors of 8961567?
3, 17, 199, 883
List the prime factors of 845978328.
2, 3, 13, 607, 1489
List the prime factors of 70523118.
2, 3, 593, 6607
List the prime factors of 114935799.
3, 11, 73, 47711
What are the prime factors of 122256692?
2, 29, 167, 6311
List the prime factors of 20926193.
353, 59281
List the prime factors of 2395151760.
2, 3, 5, 17, 29, 31, 653
List the prime factors of 1974300.
2, 3, 5, 6581
What are the prime factors of 51765245?
5, 7, 1479007
What are the prime factors of 139460242?
2, 131, 487, 1093
What are the prime factors of 5096943?
3, 521, 1087
What are the prime factors of 1530572649?
3, 251, 2032633
What are the prime factors of 84673093?
251, 337343
List the prime factors of 230302254.
2, 3, 7, 13, 60257
What are the prime factors of 473350305?
3, 5, 31556687
What are the prime factors of 140312512?
2, 23, 199, 479
List the prime factors of 150191014.
2, 75095507
What are the prime factors of 272003765?
5, 11, 31, 14503
What are the prime factors of 111456033?
3, 13, 19, 150413
List the prime factors of 656180308.
2, 7, 269, 87119
List the prime factors of 48112189.
29, 1659041
List the prime factors of 155269098.
2, 3, 8626061
What are the prime factors of 98665668?
2, 3, 913571
What are the prime factors of 96237695?
5, 19247539
List the prime factors of 1385186103.
3, 7, 449, 5441
List the prime factors of 14200085.
5, 23, 123479
List the prime factors of 94430304.
2, 3, 19, 17257
What are the prime factors of 42818161?
31, 1381231
List the prime factors of 1286128122.
2, 3, 23, 167, 55807
What are the prime factors of 234055822?
2, 7, 11, 13, 116911
List the prime factors of 2621786640.
2, 3, 5, 11, 929, 1069
What are the prime factors of 41751742?
2, 20875871
List the prime factors of 1426103726.
2, 31, 1069, 21517
What are the prime factors of 106870881?
3, 13, 127, 21577
What are the prime factors of 208211720?
2, 5, 479, 10867
What are the prime factors of 319832235?
3, 5, 7107383
List the prime factors of 1004322094.
2, 23, 67, 229, 1423
List the prime factors of 4890218967.
3, 107, 443, 3821
What are the prime factors of 165950379?
3, 7, 17, 89, 1741
List the prime factors of 595108432.
2, 1637, 22721
List the prime factors of 95556149.
13, 19, 29759
List the prime factors of 1194163165.
5, 13, 18371741
What are the prime factors of 219962325?
3, 5, 11, 59, 4519
What are the prime factors of 3429553192?
2, 13, 32976473
List the prime factors of 95618911.
31, 3084481
What are the prime factors of 7836700052?
2, 17, 8863, 13003
What are the prime factors of 81491677?
8543, 9539
List the prime factors of 258386419.
258386419
What are the prime factors of 933176334?
2, 3, 37, 251, 16747
What are the prime factors of 362962255?
5, 569, 127579
What are the prime factors of 450045872?
2, 1409, 19963
List the prime factors of 14411480.
2, 5, 360287
List the prime factors of 1706172109.
29, 293, 200797
What are the prime factors of 4788238039?
13, 43, 8565721
List the prime factors of 108203485.
5, 13, 31, 53699
What are the prime factors of 50822871?
3, 11, 1540087
What are the prime factors of 16905978?
2, 3, 59, 15919
What are the prime factors of 2844815145?
3, 5, 23, 1283, 6427
List the prime factors of 1475505547.
541, 2727367
List the prime factors of 23377694.
2, 229, 51043
What are the prime factors of 6693948?
2, 3, 61981
List the prime factors of 141564068.
2, 35391017
What are the prime factors of 19765895?
5, 41, 96419
List the prime factors of 3827715374.
2, 7, 273408241
List the prime factors of 7562923863.
3, 11, 439, 47459
What are the prime factors of 19520180?
2, 5, 976009
What are the prime factors of 23676572?
2, 313, 18911
What are the prime factors of 4349392570?
2, 5, 131, 163, 20369
List the prime factors of 103776493.
6133, 16921
What are the prime factors of 33277711?
23, 59, 137, 179
List the prime factors of 1074943622.
2, 8933, 60167
List the prime factors of 112061812.
2, 28015453
List the prime factors of 11758712.
2, 7, 209977
What are the prime factors of 37022237?
7, 37, 223, 641
List the prime factors of 438301465.
5, 7, 1327, 9437
List the prime factors of 2462423992.
2, 7, 31, 1418447
List the prime factors of 4334631868.
2, 7, 2903, 53327
What are the prime factors of 46580834?
2, 479, 48623
List the prime factors of 66310404.
2, 3, 17, 325051
List the prime factors of 70969573.
109, 651097
List the prime factors of 282253124.
2, 131, 538651
List the prime factors of 1644427839.
3, 18539, 29567
List the prime factors of 91889074.
2, 197, 233221
What are the prime factors of 9453224811?
3, 157, 3329, 6029
What are the prime factors of 527388004?
2, 11, 13, 167, 5521
List the prime factors of 700255150.
2, 5, 7, 601, 3329
List the prime factors of 187701100.
2, 5, 1877011
List the prime factors of 1920364114.
2, 1423, 674759
What are the prime factors of 504823?
11, 45893
List the prime factors of 6468709769.
41, 67, 673, 3499
List the prime factors of 73845317.
7, 13, 31, 26177
List the prime factors of 140094026.
2, 70047013
List the prime factors of 697099316.
2, 43, 1399, 2897
List the prime factors of 1761123880.
2, 5, 83, 571, 929
What are the prime factors of 3743716825?
5, 149748673
What are the prime factors of 4653681942?
2, 3, 7, 13, 8523227
What are the prime factors of 81358733?
81358733
List the prime factors of 1604044.
2, 13, 109, 283
List the prime factors of 62340091.
11, 5667281
What are the prime factors of 20049300?
2, 3, 5, 22277
List the prime factors of 111964454.
2, 7, 19, 420919
What are the prime factors of 49666220?
2, 5, 503, 4937
List the prime factors of 823491250.
2, 5, 29, 22717
List the prime factors of 312935097.
3, 8363, 12473
What are the prime factors of 1922948377?
7, 503, 546137
What are the prime factors of 897482346?
2, 3, 181, 826411
What are the prime factors of 6530781571?
25609, 255019
List the prime factors of 1068036680.
2, 5, 26700917
List the prime factors of 275937285.
3, 5, 13, 17, 19, 337
List the prime factors of 99642353.
89, 1119577
What are the prime factors of 425568068?
2, 197, 540061
List the prime factors of 2959659631.
2959659631
List the prime factors of 34558094.
2, 233, 74159
What are the prime factors of 1634929533?
3, 647, 280771
List the prime factors of 877048726.
2, 43, 2111, 4831
What are the prime factors of 573456025?
5, 53, 432797
List the prime factors of 244870295.
5, 17, 2880827
What are the prime factors of 583493751?
3, 331, 195869
What are the prime factors of 21966831?
3, 19, 128461
List the prime factors of 358613484.
2, 3, 29884457
List the prime factors of 80640719.
53, 61, 24943
What are the prime factors of 11494878?
2, 3, 1915813
What are the prime factors of 865999255?
5, 11, 233, 67577
List the prime factors of 22563389.
67, 336767
What are the prime factors of 498792306?
2, 3, 23, 41, 199, 443
List the prime factors of 166099345.
5, 103, 322523
List the prime factors of 606173319.
3, 83, 883, 919
What are the prime factors of 96640130?
2, 5, 67, 97, 1487
List the prime factors of 943110275.
5, 17, 2219083
What are the prime factors of 60081045?
3, 5, 1951, 2053
What are the prime factors of 183659128?
2, 31, 740561
List the prime fact